 be (1 + -1)*(-18)/36. Suppose g = -383*p + 384*p - 15817. Is p a composite number?
False
Let z be (-13)/(-2) + 54/36 + -4. Suppose -4*r = z*x - 22520, r - 2*x - 2*x = 5635. Suppose -1973 = -a - 2*t, -4250 - r = -5*a - 2*t. Is a a prime number?
False
Let r(c) = 47*c**2 + 15*c + 1. Let m be -10 + (-2 + 9/6)*0. Let n be r(m). Suppose -4*l + 2741 = -l + 5*j, 0 = -5*l - 4*j + n. Is l prime?
True
Suppose -12*m = 19*m - 682. Suppose m*i = 206010 - 75286. Is i prime?
False
Suppose 0 = 2*o + 4*o + 630. Let f be 1/(-5) - 441/o. Suppose -f*c = -4, -c + 3*c - 2021 = -3*z. Is z a composite number?
False
Suppose 2*q - 4*a = -6*a, a + 12 = 2*q. Let g(f) = -f**3 - 5*f**2 + 6*f. Let s be g(-6). Suppose k + 228 = n - 30, q*n + 4*k - 1024 = s. Is n prime?
True
Let d = 27908 + -16389. Is d a prime number?
True
Let u be -3 + 4 - (1 - 5 - -2). Let r = 9 - u. Let y(z) = 2*z + 23. Is y(r) a prime number?
False
Suppose 90*o - 3*w - 949195 = 86*o, 5*w + 25 = 0. Is o a composite number?
True
Suppose -3040268 = -41*f + 1063955. Is f a composite number?
False
Is -7 - (3/(30/(-1539785)) + (-1)/(-2)) prime?
False
Let m = 64 - 58. Suppose -6*b = -4*b - m. Suppose b*n + 5*k = -0*n + 2578, -1677 = -2*n + 5*k. Is n a composite number?
True
Let w = 455 + -440. Is -4391*(8/12 - w/9) composite?
False
Let g(i) be the second derivative of 2*i**3/3 + 20053*i**2/2 + 79*i. Is g(0) composite?
True
Let q(p) = -69 - 212*p - 162*p + 21*p + 5*p + 23*p. Is q(-16) prime?
False
Suppose -23*a - 146835 + 1868077 = -2359119. Is a a prime number?
False
Let u = 3086 + -8848. Let a = 9013 + u. Is a prime?
True
Suppose -55*q - 540471 = -58*q - 2*w, -5*w - 1261157 = -7*q. Is q composite?
False
Suppose -1752 = 12*n - 20*n. Suppose 6*g + n - 15525 = 0. Is g prime?
True
Let s(x) = 2*x + 16. Let u be s(-10). Let q(p) = -5892*p - 40. Let o(n) = -1473*n - 11. Let g(a) = 9*o(a) - 2*q(a). Is g(u) composite?
True
Suppose -r = -3*j + 372, -3*j - j - 4*r + 480 = 0. Let c = j + -10. Is c composite?
False
Let n(u) = -8*u**3 + 2*u**2 + u + 2. Let i be n(2). Let l be 3 + (i/14 - 36/126). Is (l - (-210)/9) + (-6)/18 prime?
False
Let j(p) = 62 + 210*p**2 - 105*p**2 - 102*p**2. Let h be j(25). Is (h + -3)*-14*(-3)/12 a composite number?
True
Let a(g) = 50*g**2 + 85*g + 2068. Is a(57) a composite number?
True
Let n(q) = -124*q**2 - 5*q - 2. Let t be n(-5). Let h = -4880 - -5908. Let g = h - t. Is g a composite number?
True
Let b(q) be the third derivative of 17*q**6/24 - 2*q**5/15 + q**4/8 - 5*q**3/6 - 39*q**2. Is b(6) a composite number?
True
Let r = -2384 - -25017. Is r/39 - 4/(-6) prime?
False
Let b(v) = 5587*v**2 + 40*v - 114. Is b(7) composite?
False
Suppose 3*m = -3*a + 773502, 52*m - 53*m + 257831 = 2*a. Is m composite?
False
Let j = -762 + -2172. Let l = j + 4981. Is l prime?
False
Let z(k) = 2*k**3 - 111*k**2 - 236*k + 62. Is z(63) prime?
True
Let f = 167 + -163. Suppose -3*r + f*n + 905 = 0, -2*n - 913 = 5*r - 8*r. Is r a prime number?
True
Let r be 156032/9 - 61/(-549). Let w = r - -5890. Is w composite?
False
Let h(x) = x**3 - 2*x**2 + 10*x - 4. Let w be h(3). Suppose -34856 = -w*m + 27*m. Is m a composite number?
False
Is (2 - -1)/(6 - (-3)/1049077*-2098153) composite?
False
Suppose -30*l + 5616644 = -847306. Is l a prime number?
False
Suppose 5*o - 10 + 35 = 0. Let r be 2 - (0 + -2) - o. Suppose 0*i = r*i - 4311. Is i composite?
False
Let k(f) = -32 - 12 - 23 - 902*f - 34. Is k(-5) a composite number?
False
Suppose 4*r = -66 - 74. Let t = r - -98. Is 12290/18 + 14/t prime?
True
Let o(x) = x**2 + 11*x + 20. Let t be o(-2). Is t/(15/(104985/6)) a composite number?
False
Suppose 3*x = -5*b - 14, -1 = -2*x + 3*b + 15. Suppose -5*a + 3*l + 3 = -x*a, -3*l + 1 = -a. Suppose -5*g = -n + 6*n - 4180, 0 = -2*g + a*n + 1684. Is g prime?
True
Suppose -42 = -14*r - 0*r. Suppose w - 1 = r*h + 144, 5*w + 59 = -h. Is (-39634)/h + (-2)/(-14) prime?
True
Let p(a) = -43*a - 39. Let x = 99 + -77. Let m be p(x). Is m/(-3) - 8/(-12) prime?
False
Let f(w) be the first derivative of -1759*w**2/2 + 128*w - 181. Is f(-5) a prime number?
True
Let w = -176 - -197. Suppose w*v - 155 = 16*v. Is v prime?
True
Let i(w) = -227*w - 4. Let x be 36/15*(-20)/(-8). Let b(n) = n**3 - 4*n**2 - 11*n - 7. Let k be b(x). Is i(k) composite?
False
Suppose 4*s + 59*a = 60*a + 150472, -2*s = -5*a - 75218. Is s composite?
False
Let g be 7 - 1*1*(-1 - 1). Suppose 0 = 17*x - g*x - 78632. Is x a composite number?
False
Suppose 0 = -5*q - 14 + 34. Suppose q*a + 3*g - 23 = 0, -2*a = 5*g - 2*g - 7. Suppose a*o - 9*o = -371. Is o a composite number?
True
Suppose 2841113 + 6329589 = 51*h + 495857. Is h prime?
False
Let d = 1058152 + -722345. Is d a prime number?
True
Suppose 60*b - 55*b - 16402 = -2*r, -5*r + 5*b + 40935 = 0. Is r a composite number?
False
Let v(u) = u + 12. Let w be (13 - 36 - (3 - 1)) + 3. Let l be v(w). Is 3*(-2)/l + (-18214)/(-35) a composite number?
False
Suppose 32*v + 6*v - 114 = 0. Suppose -a + 1593 = 4*a + g, -4*a = v*g - 1270. Is a prime?
False
Let a = 27506 + -53216. Is (a/(-18))/((-1)/(-3)) prime?
False
Suppose 14*n = 10*n + 2560. Let t = 1095 - n. Let z = 156 + t. Is z a composite number?
True
Suppose -12*i + 4235347 = -4*i + 11*i. Is i a composite number?
False
Let v = -3913 - -3914. Let u(s) = -21*s - 1. Let p be u(-1). Is (-3156)/(-5) - (4/p)/v a prime number?
True
Let d(j) = 3*j**2 + 40*j + 138. Let w be d(-7). Suppose 4*u - 212 = -5*t + 169, -u = t - 94. Suppose w*c = -u + 1744. Is c a prime number?
True
Suppose 15 = -15*x + 18*x. Suppose -i - 5616 = -x*i. Suppose p = -3*j - 3*p + 2111, 2*j + 2*p - i = 0. Is j composite?
True
Suppose k + w = -8766, 5*w = -29 + 9. Is (k/78)/(2 - 129/63) a composite number?
True
Let o = 6520 - 4797. Is o composite?
False
Let j(a) = -a + 11. Let g be j(13). Let u be 3/(31/18 + g/9). Suppose w + 3*v = 1169, -878 = -u*w + v + 1446. Is w a prime number?
True
Let i(a) = -2*a - 20. Let g be i(-8). Is 1 + 16/g + 0 + 4076 a composite number?
False
Let a(g) = -7*g**2 + 22*g - 30. Let d be a(17). Let c = d + 2592. Is c a prime number?
False
Suppose -p = 5*v + p - 13, v + p = 2. Let f(c) be the third derivative of c**6/6 - c**5/10 - c**4/8 + c**3/3 - 12*c**2 - 7. Is f(v) a prime number?
True
Let w be (6 + -10)*(-2 + (-2 - -3)). Let l(a) = 270*a**3 + 9*a**2 - 25*a + 27. Is l(w) a composite number?
False
Let x = -93 + 96. Is x - 2 - (-2578 - 8) a prime number?
False
Suppose -1928020 = 37*t - 41*t - 2*s, 4*t + 5*s - 1928020 = 0. Is t composite?
True
Let c(l) = l**3 - 13*l**2 + 9*l + 82. Let t(b) = b**2 - 37. Let f be t(-7). Is c(f) composite?
True
Is ((-2289548)/(-24))/((-41)/(-246)) composite?
False
Suppose -r - 15671 = -141591 - 171. Is r a prime number?
False
Let x be 406/6 - (-20)/15. Suppose 67*h - x*h = -4882. Is h composite?
False
Suppose -12*w - 14 = -50. Suppose -k - 5*l = -863, 3*k - w*l - 3406 = -k. Is k prime?
True
Let o = -12 + 24. Suppose -o*k + 17262 = -33654. Suppose 2*v = 8455 + k. Is v a prime number?
False
Let r(m) = 166*m**2 + 15*m - 38. Is r(-13) prime?
False
Suppose 0 = -57*w + 58*w - 7. Suppose -w*r + n + 22671 = -3*r, 4*n - 11358 = -2*r. Is r composite?
False
Suppose -2*f + 12 = 0, -29*f + 24*f = 17*d - 3897008. Is d prime?
False
Suppose 5*z - i - 2 - 8 = 0, 0 = 5*z + i. Is z/((-2)/(9852/(-1))*2) prime?
False
Let y(d) = d**3 + 6*d**2 + 6*d + 8. Let r be y(-5). Let w be -6*(410/(-4) - r). Suppose u = 2*u - w. Is u composite?
True
Let f = -476 + 473. Is 78723/f*(-18 + 17) prime?
False
Let z = 44 + -41. Suppose -x - 4*x + 31 = 2*h, -3*x = z*h - 24. Suppose w - 5*c + 1357 = 7177, -x*w + 29072 = 3*c. Is w composite?
True
Is -3 + 3 - (-692547)/(-2)*382/(-573) a prime number?
True
Let o(u) = u**3 + 40*u**2 - 3*u + 23. Suppose -16*y - 494 = 3*y. Is o(y) a prime number?
False
Let i(t) be the second derivative of -355*t**3/2 + 4*t**2 - 61*t. Is i(-3) a composite number?
False
Let w be 1*2/(-9) - 6097/63. Let f = w + 174. Let r = f + 866. Is r composite?
True
Let n(v) = 17*v**2 - 4*v + 3. Let s(i) = i**2 - 16*i + 49. Let h be s(14). Suppose 11*r = h + 23. Is n(r) a prime number?
False
Let s(r) = 0 + 1124*r + 203*r - 4. Is s(3) a composite number?
True
Let r = 63448 - -515611. Is r prime?
False
Let j(n) be the first derivative of -41*n**2 + 9*n + 68. Suppose -17 = 5*h + 4*d, -h - 13 = 2*h + d